q + 23 + 6. List the prime factors of q.
3
Let k = -370 - -1492. What are the prime factors of k?
2, 3, 11, 17
Suppose 4*y = -y. Let p = 3 + y. Suppose -u = -3*c + 86, -2*c + 5*c + p*u = 78. List the prime factors of c.
2, 7
Suppose 0 = 3*t - 2*m - 10, 2*t + 4*m + 20 = -0*m. Suppose t = -i - 3 - 1. Let u = i + 19. What are the prime factors of u?
3, 5
Let s = 97 - -8. What are the prime factors of s?
3, 5, 7
Let a(n) = 403*n + 338. What are the prime factors of a(4)?
2, 3, 5, 13
Let z(u) = u**2 + 1. Let y be z(13). Suppose t - 65 = 5*f, -5*t + y = -f - 155. What are the prime factors of t?
5, 13
Let v(s) = s**3 - 8*s**2 - 2*s + 18. Let p be v(12). Suppose -p - 900 = -5*q. List the prime factors of q.
2, 3, 7
Let r(w) = -8*w**3 - 3*w**2 - 2*w. Let u be r(-1). Let d(i) = 4*i - 8. Let k be d(u). Suppose -3*y = y + g - k, y - 12 = -2*g. What are the prime factors of y?
2
Let h = 10 + -8. Suppose -w - 5*a + 37 = 0, 0 = -w - h*a + a + 25. Let c = 38 - w. List the prime factors of c.
2
Let o = 5 + 0. Let d(a) = 3*a**2 - 13*a + 39. Let u be d(6). Suppose v = -5*g + 223, -4*g + u = o*v - 101. List the prime factors of g.
3, 5
Let d(z) = 64*z + 965. List the prime factors of d(70).
3, 5, 11
Suppose 3*x + 9 + 3 = 0. Let p be -2*1/(x/14). Suppose -4*w - 2*j + 114 = 0, -4*w + p*w = -4*j + 93. List the prime factors of w.
3
Let p(x) = x**2 - 3*x - 15. Let d be 3/(-3) + 3*2. Suppose 6*w + 7 = d*w. What are the prime factors of p(w)?
5, 11
Let v = 1557 + -908. What are the prime factors of v?
11, 59
Suppose -s + 8 = -12. List the prime factors of 3416/20 - 1*(-4)/s.
3, 19
Let n = 73 - 131. Let t = n + 71. What are the prime factors of t?
13
Let b = -1721 + 7425. List the prime factors of b.
2, 23, 31
Suppose 3*z - 1 - 2 = 0. Let u be (z/2)/(8/80). Suppose u*o - m = 150, -3*o + 2 = -3*m - 88. What are the prime factors of o?
2, 3, 5
Suppose 0 = -15*o + 350 - 50. What are the prime factors of o?
2, 5
Let y be (-16)/(-32)*16*17. Suppose 11*o = 9*o + y. What are the prime factors of o?
2, 17
Let s be ((-20)/(-6) + -3)*-6. Let j be 3 - (s + (-1)/1). What are the prime factors of j/2 + 6*1?
3
Let g be ((0/2)/(-2))/2. Suppose 2*v - 3*y + 33 = -g*y, 2*v + 12 = -4*y. Let c = 3 - v. What are the prime factors of c?
3, 5
Suppose 3*s = -f - 12, -3*s - 2*s = 4*f + 13. Suppose -2*x - g = -x - 3, 2*g = -f*x + 8. Suppose x*b + 108 = 5*b. What are the prime factors of b?
2, 3
Let l(b) = b**2 + b - 3. Let a be l(2). Let p be 151/3 - (-1)/(-3). Suppose -4*j = -n - p, -3*j + j + a*n = -20. What are the prime factors of j?
13
Let s(w) = w**3 + 35*w**2 - 43*w - 190. What are the prime factors of s(-31)?
4987
Suppose 4*i = 0, -z + i + 154 = 6*i. Suppose -20*l + z = -6*l. List the prime factors of l.
11
Let z(j) = 13 - 2*j + 2*j + 4*j - 3*j. List the prime factors of z(9).
2, 11
Let s be (-1)/2*(-10 - (-1 + 1)). List the prime factors of ((25/4)/s + -2)*-128.
2, 3
Suppose o + 4*o = 0. Suppose -5*y + 10 = o, 2*y - 37 - 43 = -2*w. Suppose -37*h = -w*h + 24. What are the prime factors of h?
2, 3
List the prime factors of (2/(-9)*-3)/((-76)/(-4674)).
41
What are the prime factors of 7*162 + 0*1/7?
2, 3, 7
Let u be (90/3)/(3/(-8)). Let w be 17/(-2)*(-6 - 8). Let v = w + u. What are the prime factors of v?
3, 13
Suppose -s = -180 + 70. Suppose -5*v = -4*c + s + 235, 426 = 5*c - v. List the prime factors of c.
5, 17
Suppose 0 = -2*m - 3*n - 132, n + 4*n + 266 = -4*m. Let h(j) = 4*j**2 + 23*j - 8. Let l be h(-6). What are the prime factors of l*2/12*m?
23
Suppose -3*i + 538 = x + 161, -2*x + 752 = 5*i. What are the prime factors of x?
7, 53
Suppose 0 = -5*h - 0*h + 1775. What are the prime factors of h?
5, 71
Suppose 5*s + 5*t = -25, s + 2 = -3*s + 2*t. What are the prime factors of 35*((s - -5) + 0)?
3, 5, 7
Let z = 3409 - -585. List the prime factors of z.
2, 1997
Let p(x) = 37 - 37 - 55*x. What are the prime factors of p(-1)?
5, 11
Let t(b) = -5*b**2 - 5*b + 836. List the prime factors of t(0).
2, 11, 19
Suppose 417 = 4*r - j - 60, j + 357 = 3*r. What are the prime factors of r?
2, 3, 5
Let k be (-58)/2 + (-6)/(-2). Let z = k + 25. What are the prime factors of (76/16)/(z/(-12))?
3, 19
Let s = 109 - 110. What are the prime factors of (54 + -1)/(s + 2)?
53
Let x = -29 - -171. Suppose 4*p - 402 = x. What are the prime factors of p?
2, 17
Suppose 0 = -14*m + 12*m. Suppose -n + s + 100 = m, 3*n + 2*n + 4*s - 518 = 0. What are the prime factors of n?
2, 3, 17
Let j(z) be the third derivative of -z**6/120 - z**5/10 + 4*z**3/3 - z**2. Let n be j(-6). What are the prime factors of (2/(-3))/(n/(-612))?
3, 17
Let r be (-8)/4*10/(-4). Suppose -2*v - 67 = -r*v + 5*n, 2*v - 4*n - 46 = 0. Suppose -v = 2*w - 111. What are the prime factors of w?
2, 23
Let a = 7 + -10. Let g be 6/((18/(-4))/a). Suppose g*s - 8 = n, 2*n + 2*s = s + 20. What are the prime factors of n?
2
Suppose 0 = a - 2*a - 4*p, -3*p - 23 = -5*a. Suppose -b + 2*b = 2, i + a*b - 3 = 0. List the prime factors of (-177)/i - 12/30.
5, 7
Suppose -3*k = -7*j + 2*j + 22, 4*k - 4 = 0. List the prime factors of 1/j + (-158)/(-10).
2
Let s(o) = -2*o**3 + 15*o**2 - 2*o + 6. List the prime factors of s(7).
41
List the prime factors of 5/(-25) + 2/((-60)/(-59766)).
2, 3, 83
Suppose 5*l + 5*z - 11393 = 6762, 2*l = 3*z + 7277. What are the prime factors of l?
2, 23, 79
Suppose 6*q - 2*q = 88. Suppose z - c + 0*c - q = 0, -5*z = -3*c - 102. Suppose -d - 21 = -2*d - 3*a, -d + z = 2*a. What are the prime factors of d?
2, 3
Suppose -5*t - r + 448 = 0, -t - 2*r + 9 = -86. List the prime factors of t.
89
Suppose 355*p + 117623 = 392*p. List the prime factors of p.
11, 17
Suppose 27 + 17 = 4*g. Let i(t) = 2*t**2 - 19*t - 15. What are the prime factors of i(g)?
2, 3
Let v = 91 - 86. Suppose -o - 5*s = o - 175, -v*s = 4*o - 325. List the prime factors of o.
3, 5
What are the prime factors of ((-65)/(-52))/((-4)/(-48))?
3, 5
List the prime factors of ((-17)/(204/3474))/(3/(-4)).
2, 193
Let t(s) = -s - 2. Let g be t(-3). Let u(v) = 83*v**3 - v. Let a be u(g). Suppose 5*h - 28 = a. What are the prime factors of h?
2, 11
Let z(h) = -48*h + 25. Let c be z(10). What are the prime factors of ((-16)/5)/(14/c)?
2, 13
Let a = -52 - -55. Suppose -4*k + 88 + 28 = 4*i, -a*k - 177 = -5*i. What are the prime factors of i?
3, 11
List the prime factors of 13*13*5*(-247)/(-95).
13
Let c = 19 - 13. Suppose 2*z - c*z - k + 56 = 0, 5*k = 3*z - 19. List the prime factors of z.
13
Let p = 73 + -73. Suppose s = 3*u - 373, u - 123 = 3*s - 2*s. Suppose 5*f + 25 - u = p. What are the prime factors of f?
2, 5
Suppose 0 = 2*j, 2*j + 12 = -s + j. Let d(m) = -16*m - 37. What are the prime factors of d(s)?
5, 31
Let a(c) = -2*c + 18. Let o be a(9). Suppose o*y - 25 = -y. What are the prime factors of y?
5
Suppose -186 + 3042 = 8*t. Suppose 3*d = 2*b + b - t, -3*b + 351 = 3*d. What are the prime factors of b?
2, 59
Let k(s) = -s + 1. Let v be k(0). Let r(d) = -4*d - 1. Let x be r(v). Let b(z) = z**3 + 6*z**2 + 5*z + 3. List the prime factors of b(x).
3
Let c(w) = 54*w**3 - 2*w**2 - 16*w + 32. What are the prime factors of c(2)?
2, 53
Suppose 2*v + 21*b = 18*b + 103, -4*v + 3*b = -233. List the prime factors of v.
2, 7
Suppose 3*y + 2061 = 3*n, 4*n + 2*y = 3*y + 2739. Suppose -x - 5*t + 182 = -t, 5*t - n = -4*x. List the prime factors of x.
2, 83
Let y = 70 + -64. Let j(c) = 5*c**2 - 8*c + 7. What are the prime factors of j(y)?
139
Let f = -21 - -21. Suppose -5*q - 500 = -f*q. Let u = q + 147. List the prime factors of u.
47
Let s be ((-6)/9)/(2/(-3)). Let d be 13 + -10 - 1/s. Suppose -134 = -5*q - h, -4*q + 79 = -q + d*h. List the prime factors of q.
3
Suppose -5*i - i = 12. Let n be ((-4)/10)/(2/(-10)). What are the prime factors of (i + -3 + n)*-3?
3
Suppose 4*x + 2*i - 514 = 0, 0 = x + 5*i - 2*i - 136. Suppose -930 = -7*s + x. What are the prime factors of s?
151
Suppose 3*v = 2*j - 439, -j = 4*v - 0*v - 247. Suppose 5*h - j = 173. What are the prime factors of h?
2, 5
List the prime factors of -4 - ((-941)/3 - 26/78).
2, 5, 31
Let w = -373 + 2873. List the prime factors of w.
2, 5
Suppose -21*z + 33984 = -2388. What are the prime factors of z?
2, 433
Suppose -2*u + 40 = 28. Let k(b) = 5*b + 5. What are the prime factors of k(u)?
5, 7
Suppose -2*j - 3*j - 20 = 0, 4*c - j - 48 = 0. Sup